038315907?
2
What is the units digit of 16773192?
2
What is the thousands digit of 28368301?
8
What is the hundred millions digit of 2008141651?
0
What is the ten millions digit of 1907886232?
0
What is the ten millions digit of 34046299?
3
What is the tens digit of 277896419?
1
What is the hundreds digit of 94675290?
2
What is the hundred thousands digit of 208746111?
7
What is the units digit of 782492663?
3
What is the hundreds digit of 6723830?
8
What is the ten millions digit of 112524705?
1
What is the tens digit of 976225169?
6
What is the thousands digit of 184730053?
0
What is the millions digit of 1573207234?
3
What is the hundred thousands digit of 778935350?
9
What is the hundred millions digit of 1896139517?
8
What is the hundreds digit of 524230979?
9
What is the millions digit of 34626870?
4
What is the hundreds digit of 633421232?
2
What is the hundreds digit of 116568062?
0
What is the hundred thousands digit of 6407579252?
5
What is the ten thousands digit of 1897850383?
5
What is the hundreds digit of 2868657794?
7
What is the millions digit of 2625779173?
5
What is the hundred thousands digit of 292883794?
8
What is the units digit of 2130187652?
2
What is the hundred millions digit of 356157279?
3
What is the thousands digit of 1212347328?
7
What is the tens digit of 48818649?
4
What is the ten thousands digit of 7185178214?
7
What is the ten thousands digit of 19049885?
4
What is the ten thousands digit of 42730421?
3
What is the ten thousands digit of 256874697?
7
What is the ten thousands digit of 19845308?
4
What is the hundred thousands digit of 5747810495?
8
What is the ten thousands digit of 1771278364?
7
What is the tens digit of 3119109136?
3
What is the ten millions digit of 45381758?
4
What is the thousands digit of 2013477343?
7
What is the hundreds digit of 91580713?
7
What is the ten thousands digit of 700919359?
1
What is the millions digit of 299407345?
9
What is the hundred millions digit of 219461457?
2
What is the hundred millions digit of 131393871?
1
What is the hundred thousands digit of 24934364?
9
What is the hundred thousands digit of 4544289445?
2
What is the ten thousands digit of 42565469?
6
What is the units digit of 187202127?
7
What is the thousands digit of 215292975?
2
What is the hundred thousands digit of 1655749619?
7
What is the millions digit of 421506090?
1
What is the hundreds digit of 68590072?
0
What is the units digit of 533321694?
4
What is the hundred thousands digit of 238459270?
4
What is the ten thousands digit of 2943873363?
7
What is the thousands digit of 2481338748?
8
What is the ten thousands digit of 221422573?
2
What is the millions digit of 430953090?
0
What is the thousands digit of 66179073?
9
What is the units digit of 522683538?
8
What is the ten millions digit of 320208041?
2
What is the units digit of 73306255?
5
What is the millions digit of 89290393?
9
What is the thousands digit of 326314042?
4
What is the hundred millions digit of 321711860?
3
What is the tens digit of 943715761?
6
What is the hundred thousands digit of 270831284?
8
What is the hundreds digit of 62359281?
2
What is the tens digit of 110537734?
3
What is the tens digit of 3434580248?
4
What is the hundred thousands digit of 85468369?
4
What is the millions digit of 352248552?
2
What is the hundred millions digit of 726743811?
7
What is the hundred thousands digit of 2450016662?
0
What is the hundred thousands digit of 1684874368?
8
What is the units digit of 11861588?
8
What is the hundred thousands digit of 72279563?
2
What is the ten thousands digit of 2210956?
1
What is the units digit of 276214822?
2
What is the hundred thousands digit of 1280544663?
5
What is the hundred thousands digit of 4402913?
4
What is the ten thousands digit of 256777019?
7
What is the millions digit of 896753313?
6
What is the ten millions digit of 78309058?
7
What is the tens digit of 923844797?
9
What is the billions digit of 1405497739?
1
What is the ten millions digit of 141908947?
4
What is the hundreds digit of 2663577789?
7
What is the ten millions digit of 2534781950?
3
What is the hundreds digit of 569910011?
0
What is the ten millions digit of 66100101?
6
What is the millions digit of 464369089?
4
What is the millions digit of 655048757?
5
What is the billions digit of 1236223771?
1
What is the hundreds digit of 17193199?
1
What is the hundred millions digit of 526554488?
5
What is the millions digit of 525536016?
5
What is the hundred millions digit of 347164133?
3
What is the hundred millions digit of 290721323?
2
What is the ten thousands digit of 1034943318?
4
What is the ten thousands digit of 70961931?
6
What is the hundred thousands digit of 1195199472?
1
What is the ten thousands digit of 489433258?
3
What is the hundreds digit of 169023007?
0
What is the thousands digit of 137757111?
7
What is the ten thousands digit of 7803167005?
6
What is the tens digit of 539459752?
5
What is the hundred millions digit of 144702791?
1
What is the millions digit of 683273819?
3
What is the tens digit of 13734815?
1
What is the ten thousands digit of 1289084675?
8
What is the billions digit of 2901208471?
2
What is the tens digit of 93187480?
8
What is the units digit of 1380526866?
6
What is the tens digit of 13503088?
8
What is the thousands digit of 54841043?
1
What is the millions digit of 834673131?
4
What is the units digit of 566021713?
3
What is the hundreds digit of 304482891?
8
What is the hundreds digit of 54530784?
7
What is the ten thousands digit of 349849974?
4
What is the hundred thousands digit of 1275001837?
0
What is the units digit of 183673956?
6
What is the units digit of 391761684?
4
What is the tens digit of 110427077?
7
What is the hundreds digit of 175865220?
2
What is the hundred thousands digit of 2045024112?
0
What is the thousands digit of 850180720?
0
What is the units digit of 223292284?
4
What is the millions digit of 1691261544?
1
What is the hundreds digit of 26250342?
3
What is the ten millions digit of 13545925?
1
What is the tens digit of 24385410?
1
What is the ten millions digit of 3923517732?
2
What is the hundred thousands digit of 186991689?
9
What is the ten millions digit of 833896244?
3
What is the units digit of 53004181?
1
What is the tens digit of 3185552362?
6
What is the hundreds digit of 24361511?
5
What is the tens digit of 109332728?
2
What is the hundred thousands digit of 56468641?
4
What is the thousands digit of 2003585082?
5
What is the hundred millions digit of 129158613?
1
What is the units digit of 3842147639?
9
What is the hundreds digit of 167629912?
9
What is the tens digit of 648468616?
1
What is the hundreds digit of 39277608?
6
What is the hundreds digit of 155125898?
8
What is the tens digit of 28347649?
4
What is the thousands digit of 58807105?
7
What is the hundreds digit of 560329782?
7
What is the hundred thousands digit of 247693044?
6
What is the ten thousands digit of 3577434954?
3
What is the millions digit of 7130808557?
0
What is the hundred thousands digit of 162145903?
1
What is the millions digit of 355481683?
5
What is the thousands digit of 3035413508?
3
What is the hundreds digit of 31950706?
7
What is the millions digit of 18030310?
8
What is the tens digit of 2364091667?
6
What is the hundred thousands digit of 151446766?
4
What is the thousands digit of 14399944?
9
What is the hundred thousands digit of 390097554?
0
What is the hundred thousands digit of 102257126?
2
What is the millions digit of 35372507?
5
What is the tens digit of 117093489?
8
What is the thousands digit of 115460824?
0
What is the tens digit of 5993848468?
6
What is the units digit of 2862739126?
6
What is the hundreds digit of 77144240?
2
What is the hundred thousands digit of 165804515?
8
What is the hundred thousands digit of 61392291?
3
What is the hundred thousands digit of 67085648?
0
What is the tens digit of 26135810?
1
What is the hundreds digit of 489109097?
0
What is the billions digit of 2503804596?
2
What is the units digit of 11086461?
1
What is the thousands digit of 63296598?
6
What is the millions digit of 18371655?
8
What is the hundreds digit of 394426936?
9
What is the ten millions digit of 1146822405?
4
What is the ten millio